{"id":873,"date":"2015-03-12T09:12:25","date_gmt":"2015-03-12T09:12:25","guid":{"rendered":"http:\/\/ledcentar.hr\/novisajt\/shop\/uncategorized\/lepilo-za-pvc-penaste-plosce-kommerling\/"},"modified":"2015-04-01T18:17:45","modified_gmt":"2015-04-01T18:17:45","slug":"lepilo-za-pvc-penaste-plosce-kommerling","status":"publish","type":"product","link":"https:\/\/ledcentar.hr\/novisajt\/sl\/shop\/Bez kategorije\/lepilo-za-pvc-penaste-plosce-kommerling\/","title":{"rendered":"Lepilo za PVC penaste plo\u0161\u010de \u2013 K\u00f6mmerling"},"content":{"rendered":"","protected":false},"excerpt":{"rendered":"<p>Lepilo za PVC penaste plo\u0161\u010de \u2013 K\u00f6mmerling<\/p>\n","protected":false},"featured_media":806,"template":"","meta":[],"yoast_head":"<!-- This site is optimized with the Yoast SEO plugin v14.8.1 - https:\/\/yoast.com\/wordpress\/plugins\/seo\/ -->\n<title>Lepilo za PVC penaste plo\u0161\u010de \u2013 K\u00f6mmerling &bull; LED Centar<\/title>\n<meta name=\"description\" content=\"Lepilo za PVC penaste plo\u0161\u010de \u2013 K\u00f6mmerling\" \/>\n<meta name=\"robots\" content=\"index, follow\" \/>\n<meta name=\"googlebot\" content=\"index, follow, max-snippet:-1, max-image-preview:large, max-video-preview:-1\" \/>\n<meta name=\"bingbot\" content=\"index, follow, max-snippet:-1, max-image-preview:large, max-video-preview:-1\" \/>\n<link rel=\"canonical\" href=\"https:\/\/ledcentar.hr\/novisajt\/shop\/nekategorizirano\/lepilo-za-pvc-penaste-plosce-kommerling\/\" \/>\n<meta property=\"og:locale\" content=\"hr_HR\" \/>\n<meta property=\"og:type\" content=\"article\" \/>\n<meta property=\"og:title\" content=\"Lepilo za PVC penaste plo\u0161\u010de \u2013 K\u00f6mmerling &bull; LED Centar\" \/>\n<meta property=\"og:description\" content=\"Lepilo za PVC penaste plo\u0161\u010de \u2013 K\u00f6mmerling\" \/>\n<meta property=\"og:url\" content=\"https:\/\/ledcentar.hr\/novisajt\/sl\/shop\/nekategorizirano\/lepilo-za-pvc-penaste-plosce-kommerling\/\" \/>\n<meta property=\"og:site_name\" content=\"LED Centar\" \/>\n<meta property=\"article:modified_time\" content=\"2015-04-01T18:17:45+00:00\" \/>\n<meta property=\"og:image\" content=\"https:\/\/ledcentar.hr\/novisajt\/wp-content\/uploads\/2015\/03\/Ljepilo-za-PVC-foam-plo\u010de.jpg\" \/>\n\t<meta property=\"og:image:width\" content=\"499\" \/>\n\t<meta property=\"og:image:height\" content=\"218\" \/>\n<script type=\"application\/ld+json\" class=\"yoast-schema-graph\">{\"@context\":\"https:\/\/schema.org\",\"@graph\":[{\"@type\":\"WebSite\",\"@id\":\"https:\/\/ledcentar.hr\/novisajt\/#website\",\"url\":\"https:\/\/ledcentar.hr\/novisajt\/\",\"name\":\"LED Centar\",\"description\":\"LED rasvjeta za reklamnu industriju\",\"potentialAction\":[{\"@type\":\"SearchAction\",\"target\":\"https:\/\/ledcentar.hr\/novisajt\/?s={search_term_string}\",\"query-input\":\"required name=search_term_string\"}],\"inLanguage\":\"hr\"},{\"@type\":\"ImageObject\",\"@id\":\"https:\/\/ledcentar.hr\/novisajt\/sl\/shop\/nekategorizirano\/lepilo-za-pvc-penaste-plosce-kommerling\/#primaryimage\",\"inLanguage\":\"hr\",\"url\":\"https:\/\/ledcentar.hr\/novisajt\/wp-content\/uploads\/2015\/03\/Ljepilo-za-PVC-foam-plo\\u010de.jpg\",\"width\":499,\"height\":218},{\"@type\":\"WebPage\",\"@id\":\"https:\/\/ledcentar.hr\/novisajt\/sl\/shop\/nekategorizirano\/lepilo-za-pvc-penaste-plosce-kommerling\/#webpage\",\"url\":\"https:\/\/ledcentar.hr\/novisajt\/sl\/shop\/nekategorizirano\/lepilo-za-pvc-penaste-plosce-kommerling\/\",\"name\":\"Lepilo za PVC penaste plo\\u0161\\u010de \\u2013 K\\u00f6mmerling &bull; LED Centar\",\"isPartOf\":{\"@id\":\"https:\/\/ledcentar.hr\/novisajt\/#website\"},\"primaryImageOfPage\":{\"@id\":\"https:\/\/ledcentar.hr\/novisajt\/sl\/shop\/nekategorizirano\/lepilo-za-pvc-penaste-plosce-kommerling\/#primaryimage\"},\"datePublished\":\"2015-03-12T09:12:25+00:00\",\"dateModified\":\"2015-04-01T18:17:45+00:00\",\"description\":\"Lepilo za PVC penaste plo\\u0161\\u010de \\u2013 K\\u00f6mmerling\",\"inLanguage\":\"hr\",\"potentialAction\":[{\"@type\":\"ReadAction\",\"target\":[\"https:\/\/ledcentar.hr\/novisajt\/sl\/shop\/nekategorizirano\/lepilo-za-pvc-penaste-plosce-kommerling\/\"]}]}]}<\/script>\n<!-- \/ Yoast SEO plugin. -->","_links":{"self":[{"href":"https:\/\/ledcentar.hr\/novisajt\/wp-json\/wp\/v2\/product\/873"}],"collection":[{"href":"https:\/\/ledcentar.hr\/novisajt\/wp-json\/wp\/v2\/product"}],"about":[{"href":"https:\/\/ledcentar.hr\/novisajt\/wp-json\/wp\/v2\/types\/product"}],"wp:featuredmedia":[{"embeddable":true,"href":"https:\/\/ledcentar.hr\/novisajt\/wp-json\/wp\/v2\/media\/806"}],"wp:attachment":[{"href":"https:\/\/ledcentar.hr\/novisajt\/wp-json\/wp\/v2\/media?parent=873"}],"curies":[{"name":"wp","href":"https:\/\/api.w.org\/{rel}","templated":true}]}}